
{"id":110,"date":"2023-06-26T12:34:10","date_gmt":"2023-06-26T12:34:10","guid":{"rendered":"https:\/\/vasc-online.com\/?page_id=110"},"modified":"2025-04-16T13:02:06","modified_gmt":"2025-04-16T13:02:06","slug":"testimonios","status":"publish","type":"page","link":"https:\/\/vasc-online.com\/index.php\/testimonios","title":{"rendered":"Testimonios"},"content":{"rendered":"\t\t<div data-elementor-type=\"wp-page\" data-elementor-id=\"110\" class=\"elementor elementor-110\">\n\t\t\t\t\t\t<section class=\"elementor-section elementor-top-section elementor-element elementor-element-36a30ce elementor-section-full_width elementor-section-content-middle elementor-section-stretched elementor-section-height-default elementor-section-height-default\" data-id=\"36a30ce\" data-element_type=\"section\" data-settings=\"{&quot;stretch_section&quot;:&quot;section-stretched&quot;,&quot;background_background&quot;:&quot;gradient&quot;}\">\n\t\t\t\t\t\t\t<div class=\"elementor-background-overlay\"><\/div>\n\t\t\t\t\t\t\t<div class=\"elementor-container elementor-column-gap-default\">\n\t\t\t\t\t<div class=\"elementor-column elementor-col-100 elementor-top-column elementor-element elementor-element-74d6b57\" data-id=\"74d6b57\" data-element_type=\"column\" data-settings=\"{&quot;background_background&quot;:&quot;classic&quot;}\">\n\t\t\t<div class=\"elementor-widget-wrap elementor-element-populated\">\n\t\t\t\t\t\t<div class=\"elementor-element elementor-element-cfdc6f1 elementor-widget elementor-widget-text-editor\" data-id=\"cfdc6f1\" data-element_type=\"widget\" data-widget_type=\"text-editor.default\">\n\t\t\t\t<div class=\"elementor-widget-container\">\n\t\t\t\t\t\t\t\t\t<p>Nuestros pacientes<\/p>\t\t\t\t\t\t\t\t<\/div>\n\t\t\t\t<\/div>\n\t\t\t\t\t<\/div>\n\t\t<\/div>\n\t\t\t\t\t<\/div>\n\t\t<\/section>\n\t\t\t\t<section class=\"elementor-section elementor-top-section elementor-element elementor-element-4f5cfcf elementor-section-full_width elementor-section-content-middle elementor-section-stretched elementor-section-height-default elementor-section-height-default\" data-id=\"4f5cfcf\" data-element_type=\"section\" data-settings=\"{&quot;stretch_section&quot;:&quot;section-stretched&quot;}\">\n\t\t\t\t\t\t<div class=\"elementor-container elementor-column-gap-default\">\n\t\t\t\t\t<div class=\"elementor-column elementor-col-100 elementor-top-column elementor-element elementor-element-5ab00ff\" data-id=\"5ab00ff\" data-element_type=\"column\">\n\t\t\t<div class=\"elementor-widget-wrap elementor-element-populated\">\n\t\t\t\t\t\t<div class=\"elementor-element elementor-element-e34ae9e elementor-widget elementor-widget-text-editor\" data-id=\"e34ae9e\" data-element_type=\"widget\" data-widget_type=\"text-editor.default\">\n\t\t\t\t<div class=\"elementor-widget-container\">\n\t\t\t\t\t\t\t\t\t<p>En nuestra cl\u00ednica de cirug\u00eda vascular online, nos complace proporcionar atenci\u00f3n m\u00e9dica personalizada y de alta calidad a cada uno de nuestros pacientes. A continuaci\u00f3n, compartimos algunos testimonios de pacientes que han utilizado nuestros servicios y han experimentado una mejora notable en su salud.<\/p>\t\t\t\t\t\t\t\t<\/div>\n\t\t\t\t<\/div>\n\t\t\t\t\t<\/div>\n\t\t<\/div>\n\t\t\t\t\t<\/div>\n\t\t<\/section>\n\t\t\t\t<section class=\"elementor-section elementor-top-section elementor-element elementor-element-2c175e2 elementor-section-full_width elementor-section-content-middle elementor-section-stretched elementor-section-height-default elementor-section-height-default\" data-id=\"2c175e2\" data-element_type=\"section\" data-settings=\"{&quot;stretch_section&quot;:&quot;section-stretched&quot;}\">\n\t\t\t\t\t\t<div class=\"elementor-container elementor-column-gap-default\">\n\t\t\t\t\t<div class=\"elementor-column elementor-col-100 elementor-top-column elementor-element elementor-element-50c0570\" data-id=\"50c0570\" data-element_type=\"column\">\n\t\t\t<div class=\"elementor-widget-wrap elementor-element-populated\">\n\t\t\t\t\t\t<div class=\"elementor-element elementor-element-043f38f elementor-widget__width-inherit elementor-widget elementor-widget-testimonial\" data-id=\"043f38f\" data-element_type=\"widget\" data-widget_type=\"testimonial.default\">\n\t\t\t\t<div class=\"elementor-widget-container\">\n\t\t\t\t\t\r\n    <div class=\"pt-testimonial pt-testimonial-style-1 \">\r\n     <div class=\"owl-carousel\" data-dots=\"true\" data-nav=\"false\" data-desk_num=\"2\" data-lap_num=\"2\" data-tab_num=\"2\" data-mob_num=\"1\" data-mob_sm=\"1\" data-autoplay=\"false\" data-loop=\"false\" data-margin=\"40\">\r\n                 <div class=\"item\">\r\n            <div class=\"pt-testimonial-box pt-style-1\">\r\n                 <div class=\"pt-testimonial-info\">\r\n                    <div class=\"pt-testimonial-content\">\r\n                      <p><p>Recientemente me diagnosticaron una enfermedad arterial perif\u00e9rica y estaba bastante preocupado por la dificultad de tener que visitar regularmente un hospital en persona para recibir tratamiento. Sin embargo, descubrir la opci\u00f3n de consultas online con el cirujano vascular de esta cl\u00ednica fue una verdadera soluci\u00f3n. No s\u00f3lo me proporcionaron un plan de tratamiento efectivo, sino que la atenci\u00f3n que he recibido ha sido excelente. Ahora puedo manejar mi enfermedad de manera efectiva desde la comodidad de mi casa. Estoy muy agradecido por esta opci\u00f3n que me ha facilitado mucho las cosas.<\/p><\/p>\r\n                    <\/div>\r\n                  <\/div>\r\n                 <div class=\"pt-testimonial-media\">\r\n                    <div class=\"pt-testimonial-img\">\r\n                       <img decoding=\"async\" src=\"https:\/\/vasc-online.com\/wp-content\/uploads\/2023\/08\/default-male-avatar-profile-icon-grey-photo-vector-31827001.jpg\" alt=\"testimonial-image\">\r\n                    <\/div>\r\n                      <div class=\"pt-testimonial-meta\">\r\n\r\n                      <h5>Juan<\/h5>\r\n                       <span>45 a\u00f1os<\/span>\r\n                       <\/div>\r\n\r\n                       <div class=\"pt-testimonial-icon\">\r\n                        <i class=\"fas fa-quote-right\"><\/i>\r\n                      <\/div>\r\n                  <\/div>\r\n              <\/div>\r\n          <\/div>\r\n\r\n                   <div class=\"item\">\r\n            <div class=\"pt-testimonial-box pt-style-1\">\r\n                 <div class=\"pt-testimonial-info\">\r\n                    <div class=\"pt-testimonial-content\">\r\n                      <p><p>Tuve una experiencia realmente agradable y efectiva con la consulta online con el cirujano vascular de esta cl\u00ednica. El m\u00e9dico respondi\u00f3 a todas mis preguntas de manera clara y me proporcion\u00f3 informaci\u00f3n detallada sobre mis molestias. El tratamiento que recomend\u00f3 result\u00f3 ser muy efectivo, y mi recuperaci\u00f3n ha sido r\u00e1pida y sin complicaciones. Definitivamente recomendar\u00eda esta cl\u00ednica a cualquiera que busque atenci\u00f3n m\u00e9dica de calidad.<\/p><\/p>\r\n                    <\/div>\r\n                  <\/div>\r\n                 <div class=\"pt-testimonial-media\">\r\n                    <div class=\"pt-testimonial-img\">\r\n                       <img decoding=\"async\" src=\"https:\/\/vasc-online.com\/wp-content\/uploads\/2023\/08\/pngtree-person-gray-photo-placeholder-woman-in-shirt-on-gray-background-png-image_4826227.png\" alt=\"testimonial-image\">\r\n                    <\/div>\r\n                      <div class=\"pt-testimonial-meta\">\r\n\r\n                      <h5>Mar\u00eda<\/h5>\r\n                       <span>62 a\u00f1os<\/span>\r\n                       <\/div>\r\n\r\n                       <div class=\"pt-testimonial-icon\">\r\n                        <i class=\"fas fa-quote-right\"><\/i>\r\n                      <\/div>\r\n                  <\/div>\r\n              <\/div>\r\n          <\/div>\r\n\r\n         \r\n  <\/div>\r\n\r\n<\/div>\r\n\r\n\r\n\t\t\t\t<\/div>\n\t\t\t\t<\/div>\n\t\t\t\t\t<\/div>\n\t\t<\/div>\n\t\t\t\t\t<\/div>\n\t\t<\/section>\n\t\t\t\t<section class=\"elementor-section elementor-top-section elementor-element elementor-element-7d82b66 elementor-section-full_width elementor-section-content-middle elementor-section-stretched elementor-section-height-default elementor-section-height-default\" data-id=\"7d82b66\" data-element_type=\"section\" data-settings=\"{&quot;stretch_section&quot;:&quot;section-stretched&quot;,&quot;background_background&quot;:&quot;classic&quot;}\">\n\t\t\t\t\t\t<div class=\"elementor-container elementor-column-gap-default\">\n\t\t\t\t\t<div class=\"elementor-column elementor-col-20 elementor-top-column elementor-element elementor-element-1e39085\" data-id=\"1e39085\" data-element_type=\"column\" data-settings=\"{&quot;background_background&quot;:&quot;classic&quot;}\">\n\t\t\t<div class=\"elementor-widget-wrap elementor-element-populated\">\n\t\t\t\t\t\t<div class=\"elementor-element elementor-element-e445d90 eael-team-align-eael-team-align-default elementor-widget elementor-widget-eael-team-member\" data-id=\"e445d90\" data-element_type=\"widget\" data-widget_type=\"eael-team-member.default\">\n\t\t\t\t<div class=\"elementor-widget-container\">\n\t\t\t\t\t\n\n\t<div id=\"eael-team-member-e445d90\" class=\"eael-team-item eael-team-members-simple \">\n\t\t<div class=\"eael-team-item-inner\">\n\t\t\t<div class=\"eael-team-image\">\n\t\t\t\t<figure>\n\t\t\t\t\t\t\t\t\t\t<img decoding=\"async\" src=\"https:\/\/vasc-online.com\/wp-content\/uploads\/2025\/03\/high_res_image.jpeg\" alt=\"\">\n\t\t\t\t\t\t\t\t\t<\/figure>\n\t\t\t\t\n\t\t\t\t\n\t\t\t<\/div>\n\n\t\t\t<div class=\"eael-team-content\">\n\t\t\t\t<h2 class=\"eael-team-member-name\">CONSULTAS ONLINE CU\u00c1NDO Y D\u00d3NDE QUIERAS<\/h2><h3 class=\"eael-team-member-position\"><\/h3>\n\t\t\t\t\t\t\t\t\t\t\t\t\t\t<p class=\"eael-team-text\">Obt\u00e9n la opini\u00f3n de un profesional m\u00e9dico especializado que se ajuste a tu horario y sin la necesidad de desplazarte<\/p>\n\t\t\t\t\t\t\t<\/div>\n\t\t<\/div>\n\t<\/div>\n\t\t\t\t\t<\/div>\n\t\t\t\t<\/div>\n\t\t\t\t<div class=\"elementor-element elementor-element-a5ccfeb elementor-align-justify elementor-widget elementor-widget-button\" data-id=\"a5ccfeb\" data-element_type=\"widget\" data-widget_type=\"button.default\">\n\t\t\t\t<div class=\"elementor-widget-container\">\n\t\t\t\t\t\t\t\t\t<div class=\"elementor-button-wrapper\">\n\t\t\t\t\t<a class=\"elementor-button elementor-button-link elementor-size-md\" href=\"#\">\n\t\t\t\t\t\t<span class=\"elementor-button-content-wrapper\">\n\t\t\t\t\t\t\t\t\t<span class=\"elementor-button-text\">PIDE UNA CITA ONLINE<\/span>\n\t\t\t\t\t<\/span>\n\t\t\t\t\t<\/a>\n\t\t\t\t<\/div>\n\t\t\t\t\t\t\t\t<\/div>\n\t\t\t\t<\/div>\n\t\t\t\t\t<\/div>\n\t\t<\/div>\n\t\t\t\t<div class=\"elementor-column elementor-col-20 elementor-top-column elementor-element elementor-element-ae41cbd\" data-id=\"ae41cbd\" data-element_type=\"column\" data-settings=\"{&quot;background_background&quot;:&quot;classic&quot;}\">\n\t\t\t<div class=\"elementor-widget-wrap\">\n\t\t\t\t\t\t\t<\/div>\n\t\t<\/div>\n\t\t\t\t<div class=\"elementor-column elementor-col-20 elementor-top-column elementor-element elementor-element-791034e\" data-id=\"791034e\" data-element_type=\"column\" data-settings=\"{&quot;background_background&quot;:&quot;classic&quot;}\">\n\t\t\t<div class=\"elementor-widget-wrap elementor-element-populated\">\n\t\t\t\t\t\t<div class=\"elementor-element elementor-element-2eb4b9f eael-team-align-eael-team-align-default elementor-widget elementor-widget-eael-team-member\" data-id=\"2eb4b9f\" data-element_type=\"widget\" data-widget_type=\"eael-team-member.default\">\n\t\t\t\t<div class=\"elementor-widget-container\">\n\t\t\t\t\t\n\n\t<div id=\"eael-team-member-2eb4b9f\" class=\"eael-team-item eael-team-members-simple \">\n\t\t<div class=\"eael-team-item-inner\">\n\t\t\t<div class=\"eael-team-image\">\n\t\t\t\t<figure>\n\t\t\t\t\t\t\t\t\t\t<img decoding=\"async\" src=\"https:\/\/vasc-online.com\/wp-content\/uploads\/2025\/03\/CURSO-CIRUGIA-ABIERTA-2024-1.png\" alt=\"\">\n\t\t\t\t\t\t\t\t\t<\/figure>\n\t\t\t\t\n\t\t\t\t\n\t\t\t<\/div>\n\n\t\t\t<div class=\"eael-team-content\">\n\t\t\t\t<h2 class=\"eael-team-member-name\">\u00bfQUIERES APRENDER CON NOSOTROS?<\/h2><h3 class=\"eael-team-member-position\"><\/h3>\n\t\t\t\t\t\t\t\t\t\t\t\t\t\t<p class=\"eael-team-text\">Ofrecemos diferentes opciones de  formaci\u00f3n para profesionales sanitarios.<\/p>\n\t\t\t\t\t\t\t<\/div>\n\t\t<\/div>\n\t<\/div>\n\t\t\t\t\t<\/div>\n\t\t\t\t<\/div>\n\t\t\t\t<div class=\"elementor-element elementor-element-c54a2b2 elementor-align-justify elementor-widget elementor-widget-button\" data-id=\"c54a2b2\" data-element_type=\"widget\" data-widget_type=\"button.default\">\n\t\t\t\t<div class=\"elementor-widget-container\">\n\t\t\t\t\t\t\t\t\t<div class=\"elementor-button-wrapper\">\n\t\t\t\t\t<a class=\"elementor-button elementor-button-link elementor-size-md\" href=\"\/index.php\/tienda\/\">\n\t\t\t\t\t\t<span class=\"elementor-button-content-wrapper\">\n\t\t\t\t\t\t\t\t\t<span class=\"elementor-button-text\">ACCEDE A NUESTROS CURSOS<\/span>\n\t\t\t\t\t<\/span>\n\t\t\t\t\t<\/a>\n\t\t\t\t<\/div>\n\t\t\t\t\t\t\t\t<\/div>\n\t\t\t\t<\/div>\n\t\t\t\t\t<\/div>\n\t\t<\/div>\n\t\t\t\t<div class=\"elementor-column elementor-col-20 elementor-top-column elementor-element elementor-element-99ee84e\" data-id=\"99ee84e\" data-element_type=\"column\">\n\t\t\t<div class=\"elementor-widget-wrap\">\n\t\t\t\t\t\t\t<\/div>\n\t\t<\/div>\n\t\t\t\t<div class=\"elementor-column elementor-col-20 elementor-top-column elementor-element elementor-element-7bb3d24\" data-id=\"7bb3d24\" data-element_type=\"column\" data-settings=\"{&quot;background_background&quot;:&quot;classic&quot;}\">\n\t\t\t<div class=\"elementor-widget-wrap elementor-element-populated\">\n\t\t\t\t\t\t<div class=\"elementor-element elementor-element-46530b4 eael-team-align-eael-team-align-default elementor-widget elementor-widget-eael-team-member\" data-id=\"46530b4\" data-element_type=\"widget\" data-widget_type=\"eael-team-member.default\">\n\t\t\t\t<div class=\"elementor-widget-container\">\n\t\t\t\t\t\n\n\t<div id=\"eael-team-member-46530b4\" class=\"eael-team-item eael-team-members-simple \">\n\t\t<div class=\"eael-team-item-inner\">\n\t\t\t<div class=\"eael-team-image\">\n\t\t\t\t<figure>\n\t\t\t\t\t\t\t\t\t\t<img decoding=\"async\" src=\"https:\/\/vasc-online.com\/wp-content\/uploads\/2025\/04\/foto-01.png\" alt=\"\">\n\t\t\t\t\t\t\t\t\t<\/figure>\n\t\t\t\t\n\t\t\t\t\n\t\t\t<\/div>\n\n\t\t\t<div class=\"eael-team-content\">\n\t\t\t\t<h2 class=\"eael-team-member-name\">NUESTROS PACIENTES, SATISFECHOS<\/h2><h3 class=\"eael-team-member-position\"><\/h3>\n\t\t\t\t\t\t\t\t\t\t\t\t\t\t<p class=\"eael-team-text\">Consulta la experiencia de otras personas que confiaron en nuestro equipo m\u00e9dico.<\/p>\n\t\t\t\t\t\t\t<\/div>\n\t\t<\/div>\n\t<\/div>\n\t\t\t\t\t<\/div>\n\t\t\t\t<\/div>\n\t\t\t\t<div class=\"elementor-element elementor-element-16f8a05 elementor-align-justify elementor-widget elementor-widget-button\" data-id=\"16f8a05\" data-element_type=\"widget\" data-widget_type=\"button.default\">\n\t\t\t\t<div class=\"elementor-widget-container\">\n\t\t\t\t\t\t\t\t\t<div class=\"elementor-button-wrapper\">\n\t\t\t\t\t<a class=\"elementor-button elementor-button-link elementor-size-md\" href=\"\/index.php\/testimonios\/\">\n\t\t\t\t\t\t<span class=\"elementor-button-content-wrapper\">\n\t\t\t\t\t\t\t\t\t<span class=\"elementor-button-text\">LEE LOS TESTIMONIOS<\/span>\n\t\t\t\t\t<\/span>\n\t\t\t\t\t<\/a>\n\t\t\t\t<\/div>\n\t\t\t\t\t\t\t\t<\/div>\n\t\t\t\t<\/div>\n\t\t\t\t\t<\/div>\n\t\t<\/div>\n\t\t\t\t\t<\/div>\n\t\t<\/section>\n\t\t\t\t<section class=\"elementor-section elementor-top-section elementor-element elementor-element-57db8d9 elementor-section-full_width elementor-section-content-middle elementor-section-stretched elementor-section-height-default elementor-section-height-default\" data-id=\"57db8d9\" data-element_type=\"section\" data-settings=\"{&quot;stretch_section&quot;:&quot;section-stretched&quot;,&quot;background_background&quot;:&quot;gradient&quot;}\">\n\t\t\t\t\t\t\t<div class=\"elementor-background-overlay\"><\/div>\n\t\t\t\t\t\t\t<div class=\"elementor-container elementor-column-gap-default\">\n\t\t\t\t\t<div class=\"elementor-column elementor-col-100 elementor-top-column elementor-element elementor-element-836e22b\" data-id=\"836e22b\" data-element_type=\"column\" data-settings=\"{&quot;background_background&quot;:&quot;classic&quot;}\">\n\t\t\t<div class=\"elementor-widget-wrap elementor-element-populated\">\n\t\t\t\t\t\t<div class=\"elementor-element elementor-element-50fe770 elementor-widget elementor-widget-text-editor\" data-id=\"50fe770\" data-element_type=\"widget\" data-widget_type=\"text-editor.default\">\n\t\t\t\t<div class=\"elementor-widget-container\">\n\t\t\t\t\t\t\t\t\t<p>Contacto<\/p>\t\t\t\t\t\t\t\t<\/div>\n\t\t\t\t<\/div>\n\t\t\t\t<div class=\"elementor-element elementor-element-b3a154c elementor-widget elementor-widget-text-editor\" data-id=\"b3a154c\" data-element_type=\"widget\" data-widget_type=\"text-editor.default\">\n\t\t\t\t<div class=\"elementor-widget-container\">\n\t\t\t\t\t\t\t\t\t<p>Si tiene preguntas sobre nuestros <br \/>servicios de cirug\u00eda vascular en <br \/>l\u00ednea o desea programar una <br \/>consulta, estamos aqu\u00ed para <br \/>ayudarlo. Puede comunicarse con <br \/>nosotros por tel\u00e9fono, correo <br \/>electr\u00f3nico o mediante nuestro <br \/>formulario de contacto en l\u00ednea.<\/p>\t\t\t\t\t\t\t\t<\/div>\n\t\t\t\t<\/div>\n\t\t\t\t<div class=\"elementor-element elementor-element-989cdd5 elementor-widget__width-auto elementor-widget elementor-widget-button\" data-id=\"989cdd5\" data-element_type=\"widget\" data-widget_type=\"button.default\">\n\t\t\t\t<div class=\"elementor-widget-container\">\n\t\t\t\t\t\t\t\t\t<div class=\"elementor-button-wrapper\">\n\t\t\t\t\t<a class=\"elementor-button elementor-button-link elementor-size-sm\" href=\"mailto:hola@vasc-online.com\">\n\t\t\t\t\t\t<span class=\"elementor-button-content-wrapper\">\n\t\t\t\t\t\t\t\t\t<span class=\"elementor-button-text\">hola@vasc-online.com<\/span>\n\t\t\t\t\t<\/span>\n\t\t\t\t\t<\/a>\n\t\t\t\t<\/div>\n\t\t\t\t\t\t\t\t<\/div>\n\t\t\t\t<\/div>\n\t\t\t\t\t<\/div>\n\t\t<\/div>\n\t\t\t\t\t<\/div>\n\t\t<\/section>\n\t\t\t\t<\/div>\n\t\t","protected":false},"excerpt":{"rendered":"<p>Nuestros pacientes En nuestra cl\u00ednica de cirug\u00eda vascular online, nos complace proporcionar atenci\u00f3n m\u00e9dica personalizada y de alta calidad a cada uno de nuestros pacientes. A continuaci\u00f3n, compartimos algunos testimonios de pacientes que han utilizado nuestros servicios y han experimentado una mejora notable en su salud. Recientemente me diagnosticaron una enfermedad arterial perif\u00e9rica y estaba [&hellip;]<\/p>\n","protected":false},"author":1,"featured_media":0,"parent":0,"menu_order":0,"comment_status":"closed","ping_status":"closed","template":"","meta":{"_acf_changed":false,"footnotes":""},"class_list":["post-110","page","type-page","status-publish","hentry"],"acf":[],"_links":{"self":[{"href":"https:\/\/vasc-online.com\/index.php\/wp-json\/wp\/v2\/pages\/110","targetHints":{"allow":["GET"]}}],"collection":[{"href":"https:\/\/vasc-online.com\/index.php\/wp-json\/wp\/v2\/pages"}],"about":[{"href":"https:\/\/vasc-online.com\/index.php\/wp-json\/wp\/v2\/types\/page"}],"author":[{"embeddable":true,"href":"https:\/\/vasc-online.com\/index.php\/wp-json\/wp\/v2\/users\/1"}],"replies":[{"embeddable":true,"href":"https:\/\/vasc-online.com\/index.php\/wp-json\/wp\/v2\/comments?post=110"}],"version-history":[{"count":67,"href":"https:\/\/vasc-online.com\/index.php\/wp-json\/wp\/v2\/pages\/110\/revisions"}],"predecessor-version":[{"id":2993,"href":"https:\/\/vasc-online.com\/index.php\/wp-json\/wp\/v2\/pages\/110\/revisions\/2993"}],"wp:attachment":[{"href":"https:\/\/vasc-online.com\/index.php\/wp-json\/wp\/v2\/media?parent=110"}],"curies":[{"name":"wp","href":"https:\/\/api.w.org\/{rel}","templated":true}]}}